 of 130 and 41665.
65
What is the highest common divisor of 124 and 18476?
124
What is the greatest common factor of 2442304 and 64?
64
Calculate the highest common divisor of 59 and 335887.
59
Calculate the highest common factor of 304 and 1295800.
152
Calculate the highest common divisor of 498671 and 43.
43
Calculate the greatest common divisor of 124677 and 1449.
63
What is the highest common divisor of 2527 and 38266?
361
What is the highest common factor of 95 and 6004?
19
Calculate the highest common factor of 8417617 and 13.
13
Calculate the greatest common divisor of 680 and 1880.
40
Calculate the greatest common factor of 3778714 and 31.
31
Calculate the highest common factor of 3478 and 1629443.
1739
Calculate the highest common divisor of 1070 and 13696.
214
Calculate the greatest common divisor of 94 and 4975091.
47
Calculate the greatest common factor of 473 and 126334.
43
Calculate the highest common factor of 147 and 343.
49
What is the greatest common divisor of 596 and 1711414?
298
What is the greatest common factor of 2097612 and 396?
396
Calculate the highest common factor of 204300 and 600.
300
What is the highest common divisor of 3129 and 4998?
21
What is the highest common factor of 14 and 736106?
14
What is the greatest common factor of 4020 and 480660?
60
Calculate the greatest common factor of 984510 and 450.
90
What is the highest common divisor of 584119 and 481?
37
Calculate the greatest common factor of 1704 and 1824132.
852
What is the highest common divisor of 192 and 135354?
6
Calculate the greatest common divisor of 6 and 1186962.
6
Calculate the highest common factor of 2570 and 1382146.
514
What is the highest common factor of 875 and 10375?
125
Calculate the greatest common factor of 12597 and 4420.
221
Calculate the highest common divisor of 9253503 and 441.
441
What is the highest common divisor of 21224 and 70?
14
What is the highest common divisor of 254349 and 144?
9
Calculate the highest common factor of 501 and 1582826.
167
What is the highest common divisor of 371 and 1840743?
53
What is the greatest common factor of 51300 and 3700?
100
Calculate the highest common factor of 345468 and 108.
12
What is the greatest common factor of 13109 and 37?
1
What is the highest common factor of 715 and 38555?
55
What is the greatest common divisor of 747 and 29963?
83
Calculate the greatest common factor of 2840 and 3263515.
355
Calculate the greatest common factor of 5808 and 432.
48
What is the highest common divisor of 503120 and 331?
331
What is the greatest common factor of 235104 and 1027?
79
Calculate the greatest common factor of 594 and 206118.
594
What is the highest common divisor of 14 and 5631346?
14
Calculate the highest common factor of 5478 and 84494.
166
Calculate the greatest common factor of 24984 and 22248.
72
What is the highest common factor of 1672218 and 2864?
358
Calculate the greatest common factor of 1257 and 37291.
419
Calculate the highest common factor of 565279 and 2211.
737
What is the highest common factor of 259038 and 390?
78
Calculate the greatest common divisor of 102060 and 105.
105
What is the greatest common divisor of 100 and 104836?
4
Calculate the greatest common divisor of 61691 and 637.
49
What is the greatest common factor of 454146 and 1001?
77
What is the greatest common factor of 271 and 65853?
271
What is the greatest common factor of 628706 and 26?
26
Calculate the greatest common divisor of 98 and 3356794.
98
Calculate the greatest common divisor of 40 and 380440.
40
Calculate the highest common divisor of 708 and 2478.
354
Calculate the greatest common factor of 52625 and 1125.
125
What is the greatest common divisor of 55699 and 981?
109
What is the highest common factor of 28143 and 177?
177
Calculate the highest common divisor of 344 and 31728.
8
What is the highest common divisor of 95132 and 476?
68
Calculate the highest common divisor of 2488 and 11944.
8
Calculate the highest common divisor of 95872 and 31360.
896
What is the highest common divisor of 7908 and 936?
12
Calculate the greatest common divisor of 431 and 212483.
431
Calculate the highest common divisor of 4 and 843782.
2
What is the greatest common divisor of 130288 and 5848?
136
What is the greatest common divisor of 21 and 329826?
21
What is the greatest common factor of 294 and 10452?
6
Calculate the greatest common factor of 39995 and 380.
95
Calculate the highest common divisor of 8 and 4144912.
8
What is the highest common factor of 22 and 70466?
22
Calculate the highest common factor of 6 and 38724.
6
What is the greatest common factor of 15 and 4500?
15
What is the greatest common factor of 1659357 and 63?
63
Calculate the highest common divisor of 4220 and 414615.
1055
What is the greatest common factor of 82938 and 552?
138
Calculate the highest common divisor of 540 and 207720.
180
Calculate the highest common factor of 222670 and 630.
70
Calculate the highest common divisor of 448335 and 492.
123
Calculate the greatest common divisor of 126 and 5905431.
63
Calculate the greatest common factor of 34664 and 56.
56
Calculate the greatest common factor of 5348020 and 4.
4
What is the greatest common factor of 191844 and 146?
146
What is the highest common factor of 1131 and 47792?
29
Calculate the greatest common divisor of 289 and 4896.
17
Calculate the greatest common divisor of 13635 and 4343.
101
What is the greatest common divisor of 63024 and 24?
24
Calculate the greatest common divisor of 203214 and 66.
66
What is the greatest common divisor of 687144 and 8?
8
What is the highest common divisor of 219725 and 1700?
425
What is the greatest common factor of 585451 and 37?
37
Calculate the highest common factor of 10317117 and 111.
111
Calculate the highest common divisor of 38974 and 2964.
26
Calculate the highest common factor of 14790 and 425.
85
What is the greatest common divisor of 34191 and 2349?
261
What is the highest common divisor of 132750 and 531?
531
What is the greatest common factor of 480 and 7408?
16
Calculate the highest common divisor of 1345773 and 7293.
429
Calculate the greatest common factor of 121 and 673.
1
Calculate the greatest common divisor of 36 and 276246.
18
Calculate the highest common divisor of 332148 and 10680.
1068
Calculate the greatest common factor of 32 and 107344.
16
What is the greatest common divisor of 119856 and 902?
22
Calculate the highest common factor of 456 and 15333.
57
Calculate the highest common divisor of 119 and 43265.
17
What is the highest common factor of 194945 and 29165?
1535
Calculate the highest common divisor of 239 and 3256853.
239
Calculate the greatest common factor of 169428 and 924.
84
Calculate the greatest common divisor of 6890411 and 1826.
913
What is the greatest common divisor of 961035 and 395?
395
Calculate the highest common factor of 463625 and 125.
125
What is the greatest common factor of 816 and 222?
6
What is the highest common factor of 12831 and 1708?
7
What is the highest common divisor of 289 and 7706763?
289
What is the highest common divisor of 29601 and 1276?
11
What is the highest common divisor of 72789 and 57?
57
What is the greatest common factor of 112 and 12576?
16
Calculate the greatest common factor of 31042 and 1496.
374
What is the highest common divisor of 2553 and 48?
3
What is the greatest common factor of 48 and 209392?
16
Calculate the greatest common factor of 448 and 26768.
112
Calculate the greatest common divisor of 45 and 254655.
45
Calculate the highest common divisor of 448 and 273.
7
What is the highest common factor of 262450 and 30?
10
What is the highest common factor of 48195 and 1080?
135
What is the highest common divisor of 14840 and 2520?
280
What is the greatest common divisor of 38 and 18724?
2
Calculate the highest common factor of 1302 and 1470.
42
What is the greatest common factor of 8 and 264424?
8
What is the greatest common factor of 12493 and 793?
13
What is the greatest common factor of 22 and 46255?
11
What is the greatest common divisor of 23604 and 5572?
28
What is the greatest common factor of 423111 and 571?
571
Calculate the highest common divisor of 188 and 8507.
47
What is the greatest common factor of 205 and 41615?
205
What is the 